54 a factor of 1637500721?
False
Does 9 divide 28564013?
False
Does 211 divide 57026759?
True
Is 212275489 a multiple of 211?
False
Does 7 divide 189065415?
True
Is 919 a factor of 76076658?
True
Is 25637843 a multiple of 847?
True
Is 3136629698 a multiple of 10613?
True
Does 3244 divide 927391906?
False
Is 23380337 a multiple of 204?
False
Is 67 a factor of 34588683?
True
Is 22 a factor of 180775278?
False
Is 16874748 a multiple of 991?
True
Is 8 a factor of 400343712?
True
Is 190 a factor of 73792552?
False
Does 523 divide 34242886?
False
Is 1029 a factor of 6636426?
False
Is 13 a factor of 441228495?
False
Is 7320999984 a multiple of 6431?
False
Is 1064 a factor of 91750848?
True
Does 57 divide 140834810?
False
Is 12 a factor of 20070744?
True
Is 1117 a factor of 39043618?
True
Is 2870323 a multiple of 403?
False
Does 270 divide 19337130?
True
Is 41 a factor of 208135968?
False
Does 942 divide 730524768?
True
Does 153 divide 123772284?
False
Is 247 a factor of 512383153?
False
Does 975 divide 14255687?
False
Does 31 divide 142775902?
False
Is 119480 a multiple of 103?
True
Does 2548 divide 59396146?
False
Does 23 divide 160540385?
False
Is 2121130284 a multiple of 84?
True
Is 150 a factor of 157109266?
False
Is 631824598 a multiple of 1049?
False
Is 404651500 a multiple of 3245?
True
Is 55418043 a multiple of 439?
True
Is 159 a factor of 190317276?
True
Is 97 a factor of 741101534?
True
Is 5043817246 a multiple of 10854?
False
Is 400 a factor of 2152640400?
True
Does 405 divide 543836430?
True
Is 107769496 a multiple of 85?
False
Is 207808920 a multiple of 1980?
True
Is 13931808 a multiple of 96?
True
Is 239247338 a multiple of 11?
True
Is 9343064 a multiple of 346?
False
Is 42531979 a multiple of 413?
True
Is 918 a factor of 1926843?
False
Does 244 divide 816704326?
False
Is 4315344 a multiple of 33?
True
Is 1616 a factor of 299711110?
False
Is 70023189 a multiple of 1856?
False
Is 16393242 a multiple of 26?
False
Is 80667758 a multiple of 428?
False
Is 71 a factor of 24031938?
True
Does 18 divide 88141955?
False
Does 3025 divide 576112579?
False
Is 6471 a factor of 3762855460?
False
Is 61 a factor of 55293429?
False
Is 4989161 a multiple of 121?
False
Does 9 divide 59760?
True
Is 30519120 a multiple of 15?
True
Is 3 a factor of 22678774?
False
Is 205607708 a multiple of 18?
False
Does 1915 divide 45280175?
True
Is 4 a factor of 2489943?
False
Is 29 a factor of 12574517?
False
Does 7643 divide 1832258489?
False
Is 985 a factor of 16509337?
False
Is 48862399 a multiple of 16?
False
Does 2 divide 264169986?
True
Is 15 a factor of 491670075?
True
Is 166 a factor of 15265182?
False
Does 145 divide 232540801?
False
Is 535 a factor of 18087280?
True
Is 27 a factor of 66506318?
False
Is 35 a factor of 1763908253?
False
Is 103 a factor of 71743593?
False
Is 421922360 a multiple of 4790?
True
Does 3213 divide 1091513934?
True
Is 20162544 a multiple of 88?
False
Is 3495104756 a multiple of 463?
False
Is 2 a factor of 11082971?
False
Does 48 divide 142413975?
False
Is 191 a factor of 34150991?
True
Is 298260045 a multiple of 14?
False
Is 1095922 a multiple of 120?
False
Is 28 a factor of 82026920?
False
Is 56506002 a multiple of 26?
False
Is 117 a factor of 11174063?
False
Does 36 divide 28984793?
False
Is 99656020 a multiple of 33?
False
Does 28 divide 1364266648?
False
Is 202512830 a multiple of 5030?
True
Does 83 divide 466332692?
False
Does 1319 divide 92727324?
False
Is 2020522 a multiple of 32?
False
Is 9 a factor of 296373251?
False
Is 12333442 a multiple of 16?
False
Is 759 a factor of 90761877?
False
Is 389012027 a multiple of 56?
False
Is 19 a factor of 23279319?
False
Is 151 a factor of 1293255204?
True
Is 61 a factor of 730536732?
True
Is 395972008 a multiple of 25?
False
Does 110 divide 108433739?
False
Is 2541904584 a multiple of 31?
False
Is 71893724 a multiple of 20?
False
Is 564706485 a multiple of 105?
True
Does 7817 divide 3034950250?
True
Is 60030774 a multiple of 22?
False
Is 5 a factor of 4636917?
False
Is 1900136168 a multiple of 56?
True
Does 179 divide 36584070?
False
Does 9 divide 16898273?
False
Does 177 divide 22174737?
True
Is 2280892 a multiple of 149?
True
Does 5 divide 111268025?
True
Does 79 divide 799291627?
False
Is 118381263 a multiple of 3493?
True
Is 12514728 a multiple of 99?
False
Is 52 a factor of 39145028?
True
Is 87652188 a multiple of 468?
True
Is 20750029 a multiple of 42?
False
Is 30882217 a multiple of 153?
False
Does 1295 divide 1080369846?
False
Does 4 divide 23036553?
False
Does 109 divide 544382733?
True
Is 349 a factor of 801776197?
True
Does 312 divide 100191334?
False
Is 269 a factor of 156817316?
True
Is 281 a factor of 51033432?
False
Does 664 divide 1231058656?
True
Is 3549962700 a multiple of 417?
True
Does 20 divide 86218638?
False
Is 640462405 a multiple of 11?
True
Is 5996717860 a multiple of 2044?
True
Does 1026 divide 391650876?
True
Is 19 a factor of 6640313?
False
Is 64928668 a multiple of 6?
False
Does 23 divide 12553745?
True
Is 1326967334 a multiple of 11?
True
Is 44640030 a multiple of 2209?
False
Is 61 a factor of 36859067?
True
Does 382 divide 207123456?
True
Does 31 divide 940166512?
True
Is 938668780 a multiple of 38?
True
Does 137 divide 867207794?
False
Is 859 a factor of 1617310597?
True
Does 6 divide 1388179901?
False
Does 11 divide 63996625?
True
Is 859953762 a multiple of 3567?
True
Is 719 a factor of 12951649?
False
Is 188 a factor of 629470953?
False
Does 116 divide 6485025636?
False
Is 99 a factor of 6559839?
True
Does 16 divide 65515551?
False
Is 29 a factor of 1677632339?
True
Is 129878593 a multiple of 13?
True
Is 699 a factor of 43701188?
False
Is 1317699348 a multiple of 7?
True
Is 977 a factor of 20104612?
False
Is 42 a factor of 1063945722?
True
Is 237200976 a multiple of 4314?
True
Is 306299264 a multiple of 8?
True
Is 14966168 a multiple of 3577?
True
Is 72875 a multiple of 8?
False
Is 5 a factor of 1291407912?
False
Does 50 divide 171209800?
True
Is 213 a factor of 1968696850?
False
Is 1251600243 a multiple of 4731?
True
Is 52354350 a multiple of 25?
True
Is 279695715 a multiple of 2?
False
Does 1219 divide 563987341?
False
Is 155350930 a multiple of 14?
True
Does 122 divide 51726780?
True
Is 32 a factor of 409381440?
True
Is 11755387 even?
False
Is 713072381 a multiple of 1353?
False
Is 245522637 a multiple of 2589?
True
Is 1548 a factor of 18645660?
True
Is 1729844760 a multiple of 74?
False
Is 26121847 a multiple of 61?
True
Is 484 a factor of 50884856?
True
Is 11026736 a multiple of 4?
True
Is 13032961 a multiple of 128?
False
Is 296 a factor of 193209810?
False
Is 36980335 a multiple of 35?
True
Is 2328023 a multiple of 641?
False
Is 25022075 a multiple of 1526?
False
Is 69155301 a multiple of 1296?
False
Is 97837518 a multiple of 239?
True
Is 285 a factor of 670705320?
True
Does 67 divide 926571877?
True
Does 5261 divide 637058478?
False
Is 71740 a multiple of 120?
False
Is 25774782 a multiple of 112?
False
Does 1005 divide 109952111?
False
Is 229438867 a multiple of 493?
False
Is 58331824 a multiple of 722?
True
Does 220 divide 47199900?
True
Is 283280696 a multiple of 92?
True
Is 216 a factor of 77727132?
False
Is 1712879 even?
False
Is 630677047 a multiple of 1651?
True
Is 21 a factor of 760011344?
False
Is 307543687 a multiple of 12?
False
Is 87079200 a multiple of 15?
True
Does 11 divide 282253105?
False
Is 52 a factor of 30670692?
True
Does 138 divide 515563998?
True
Does 31 divide 20690640?
True
Is 50592735 a multiple of 204?
False
Is 333512200 a multiple of 15?
False
Is 4 a factor of 80292545?
False
Is 3427 a factor of 1818321401?
False
Is 2870 a factor of 677757559?
False
Does 72 divide 33735826?
False
Is 71629786 a multiple of 15?
False
Does 171 divide 12988200?
False
Is 644048253 a multiple of 40?
False
Is 1503652808 a multiple of 4417?
True
Does 4757 divide 1935597340?
False
Is 15 a factor of 63548430?
True
Is 7 a factor of 2388658671?
True
Does 232 divide 33159201?
False
Is 7245 a factor of 1042926343?
False
Is 18154180 a multiple of 220?
True
Does 70 divide 7285460?
True
Is 1487 a factor of 999175174?
False
Is 5012443 a multiple of 10?
False
Does 6 divide 18266363?
False
Is 3905521060 a multiple of 985?
True
Is 141244732 a multiple of 